0
Suppose 5*r = 4*u + 13, -3*r - 5*u = -r + 8. Suppose r - 111 = -2*w. What is the greatest common divisor of w and 5?
5
Let l be (-226)/(-8) - (-1)/(-4). Suppose -4*f = -9 - 19. Let i be 2/4 + f/2. Calculate the greatest common divisor of l and i.
4
Suppose 5*b - b = 0. Suppose b*s = -5*s + 70. Let u(l) = 70*l**2 + l - 1. Let v be u(1). Calculate the highest common divisor of s and v.
14
Suppose -2*n = -3*w - 0*w - 40, w + 5*n - 15 = 0. Let j be (-64)/(-10) - (-4)/w. Suppose -j = -2*p - 2. What is the greatest common factor of 4 and p?
2
Let v = 617 + -34. Let u = v - 366. Calculate the greatest common divisor of 31 and u.
31
Suppose -78 + 92 = p. What is the greatest common factor of p and 112?
14
Suppose -7*f + 15 = -2*f. What is the greatest common divisor of 27 and f?
3
Let i(t) = -t**3 - 6*t**2 - 2*t - 8. Let h be i(-6). Calculate the greatest common divisor of 8 and h.
4
Let d(g) = -g + 6. Let v be d(6). Let i = 5 + v. Suppose -16 = -i*f + 3*f. Calculate the highest common factor of f and 24.
8
Suppose 0 = t - 2*t + 3. Let p(a) = a**3 - 2*a**2 - a + 5. Let g be p(4). Calculate the highest common factor of t and g.
3
Let m(s) = -s + 4. Let v be m(2). Let j(z) = 2*z + 1. Let p be j(v). Calculate the greatest common divisor of p and 10.
5
Let d be ((-168)/15)/(6/(-30)). Let n be 1*1*-2 + 9. What is the greatest common factor of d and n?
7
Suppose -a + 22 = -2*i + 4, 0 = 3*i - 3. What is the greatest common factor of 180 and a?
20
Let w be (224/(-12))/(1/(-3)). Suppose -4*h + 0*h + w = 0. Let t(i) = 5*i**2 - 5*i - 2. Let d be t(-4). What is the greatest common factor of h and d?
14
Let z = 20 - 14. Let f be z + 0/2 + 2. Let u be ((-96)/(-40))/((-6)/(-20)). Calculate the greatest common divisor of f and u.
8
Let q(k) = 24*k**2 + k - 2. Let t be q(1). Calculate the highest common divisor of 23 and t.
23
Let d(n) = -8*n - 1. Let i be d(-1). Suppose 4*x - 45 - 67 = 0. What is the highest common divisor of i and x?
7
Suppose 3*c + 20 = 161. Let w = c - 23. What is the highest common divisor of w and 96?
24
Suppose -5*j = 4*u + 10, 2*u + 6 = 5*j - 14. Suppose 6 = -j*f + 22. Suppose 4*x = 3*x + f. Calculate the greatest common divisor of x and 48.
8
Let u be 2/(-3 - -1)*-4. Suppose 9*y = u*y - 5. Let r be (-8)/(y - (-3)/6). Calculate the highest common divisor of 112 and r.
16
Suppose 0*p = -3*t - 3*p + 9, 3*t - 3*p - 15 = 0. Let w be 1 + 1 - 0/t. Let o(b) = 4*b + 4. Let s be o(3). What is the greatest common divisor of w and s?
2
Let w(v) = 17*v**2 - v - 1. Let r be w(-1). What is the highest common factor of 136 and r?
17
Let y be 72/42*105/10. Calculate the greatest common divisor of 18 and y.
18
Let o(s) = -6*s + 1. Let h be o(-4). Calculate the highest common divisor of 175 and h.
25
Suppose u - 32 = -5*v + 102, 0 = -2*u - 2*v + 300. What is the greatest common factor of u and 14?
14
Let h(i) be the first derivative of 4*i**3/3 - 4*i**2 + 8*i - 6. Let r be h(8). What is the greatest common factor of r and 25?
25
Let g be (22*3)/(3/2). What is the highest common factor of 66 and g?
22
Let w be (-1 + -1)*(2 + -4). Suppose f = -4*d - 1, -13 = w*f - 4*d + 11. Let r(l) = -4*l - 2. Let c be r(f). Calculate the greatest common divisor of 6 and c.
6
Let o = 50 + 22. Calculate the highest common divisor of 8 and o.
8
Suppose -814 + 163 = v. Let z be v/(-12) + 2/(-8). Let f = z + -38. What is the highest common factor of f and 8?
8
Suppose -99 = -2*h + 33. Let b(d) = -d**2 + 8*d + 8. Let z be b(7). Let u be 4/10 + 84/z. What is the highest common factor of h and u?
6
Let k(n) be the third derivative of -n**5/60 + n**4/4 + 2*n**3/3 + n**2. Let c be k(5). Suppose 4 = -3*s + 112. Calculate the highest common divisor of s and c.
9
Suppose w - 7 = -1. Suppose 80 = -r + w*r. What is the highest common divisor of 64 and r?
16
Let z be (-3)/9 + 34/3. Let n = z - 7. Let g = 10 - 2. Calculate the greatest common divisor of n and g.
4
Let w(a) = -a + 6. Suppose 25 = 4*c - 6*c + r, 4*r = -4*c - 20. Let h be w(c). What is the greatest common divisor of h and 64?
16
Suppose 24 = 4*f + 2*m, -7 = -f - 3*m + 9. Calculate the highest common factor of 4 and f.
4
Let j(q) = q**2 + 3*q - 1. Let f(z) = -z + 9. Let h be (7 - 14)*(0 - 1). Let i be f(h). Let r be j(i). Calculate the greatest common factor of r and 36.
9
Let q(m) = -m**3 - m + 5. Let k be q(0). Suppose 3*v = 5*a - 90, 0 = -k*a - 2*v - 0*v + 90. Calculate the greatest common divisor of 3 and a.
3
Let m(f) = -24*f + 24. Let n be m(-7). What is the greatest common factor of n and 24?
24
Let f(v) = v**2 + 3*v - 4. Let s be f(-5). Calculate the highest common factor of s and 30.
6
Let n(i) = i**2 - 12*i + 6. Let m be n(12). Calculate the highest common divisor of m and 9.
3
Let q be 0 - 5/(10/(-32)). Suppose -3*k - q = 5*r - 49, -2*r = -k. Let d be 2/(-6) - (-236)/k. Calculate the greatest common factor of 13 and d.
13
Suppose -3*s = -3*j, -3*s + 0*j = 4*j - 28. What is the greatest common divisor of 12 and s?
4
Suppose -5*d - 3*o + 354 = 0, 2*d - 370 = -3*d + 5*o. Let z be 3 - (-11)/((-22)/(-12)). Calculate the highest common divisor of z and d.
9
Let z = -9 + 20. Suppose d + 4 - z = 0. Let b = d + -4. What is the highest common divisor of 9 and b?
3
Let n = -6 + 5. Let t = 2 - n. Suppose -112 = -t*w - w. What is the greatest common factor of w and 7?
7
Let w(p) = p**3 - 17*p**2 - 17*p - 3. Let s be w(18). What is the greatest common divisor of 10 and s?
5
Suppose -2*s + 255 = -9. Suppose 3*t + t = 36. Let v be (t + 0 - -1) + 2. Calculate the greatest common factor of s and v.
12
Let y be ((-6)/10)/(2/(-170)). Let o be -1 - 2*y/(-6). Calculate the greatest common factor of 16 and o.
16
Let s be ((99/(-6))/1)/((-4)/8). Calculate the highest common divisor of s and 297.
33
Let r be (-38 - 21)/((-1)/2). Calculate the highest common divisor of r and 59.
59
Suppose -10*a + 210 = -7*a. What is the greatest common factor of 28 and a?
14
Suppose 0*x + 2 = 2*x. Suppose 76 = y - i - x, i = 4*y - 320. What is the highest common divisor of y and 9?
9
Let k = -19 + 57. What is the greatest common divisor of k and 418?
38
Let m(c) = 0*c - 2*c + 6 - 1 + 0. Let b be m(-5). Let a be 2 + 13 + (1 - 1). Calculate the highest common factor of b and a.
15
Let l(n) = -3*n**2 + 2*n - 1. Let w be l(2). Let a = 7 - w. Calculate the greatest common factor of a and 32.
16
Let c = -36 + 62. Calculate the highest common divisor of 104 and c.
26
Let m(d) = -45*d + 1. Let k(s) = -135*s + 4. Let f(j) = 4*k(j) - 11*m(j). Let p be f(-2). What is the greatest common factor of p and 38?
19
Let p be 6/21 - (-192)/14. Let n be 4/p - (-80)/14. Let m = -2 + n. What is the greatest common factor of m and 8?
4
Let m = -29 + 109. What is the greatest common divisor of m and 8?
8
Suppose 10 = -2*w - 8. Let j be (1 - w/6)*6. Let o = 7 + j. Calculate the greatest common factor of o and 55.
11
Let k = 176 - -69. Calculate the greatest common divisor of k and 35.
35
Let l be (6 - 10) + -1 + 82. What is the highest common factor of 11 and l?
11
Suppose 2*l + 4*p + 42 = 5*l, -56 = -4*l - 4*p. Calculate the greatest common factor of l and 21.
7
Suppose 5*d - 4 - 11 = 0. Suppose 4*k = -t + 26, -t + 4*k + 4 = d*t. Let i be 2*(-1)/5*-15. Calculate the highest common factor of t and i.
6
Let z(m) = -m**3 - m + 84. Let y be z(0). Suppose 4*u - 2*o = -0*o + 76, -3*o = 5*u - y. Calculate the highest common divisor of 2 and u.
2
Suppose 2*b = -f + b - 1, -2*f + 7 = -b. Suppose -f*y + 145 = -289. Let x = -19 + y. Calculate the highest common divisor of 18 and x.
18
Let y be 2 + (-4)/2 + 269. Suppose -c + y = 82. Let v = 30 - 13. What is the highest common factor of v and c?
17
Let m be (-1)/(-2)*2 - -7. Calculate the greatest common factor of m and 40.
8
Let c = 126 + -66. What is the greatest common factor of c and 24?
12
Let u(l) = 3*l**2 + 8*l + 10. Let p be u(7). Let s = p + -149. Calculate the highest common divisor of s and 8.
8
Let l = 11 - 5. Suppose 4*x - l*x = -10. Suppose -z - 3*a + 3 = 0, -z - x*a + 1 = 4. Calculate the highest common divisor of 48 and z.
12
Let c be (2 + -1)*40/(-4). Let i = c + 3. Let y = 2 - i. What is the greatest common factor of 99 and y?
9
Let j(o) = o**2 + o - 1. Let i be j(-3). Suppose q + 1 = i. Calculate the greatest common diviso